- 5. Let d(m) be the first derivative of -9*m**2 - 2*m - 19. Let v(f) = 8*d(f) - 3*r(f). Calculate v(-1).
-16
Let c(l) = -l**3 + 15*l**2 + 16*l - 10. Suppose -61*m + 912 = -4*m. Give c(m).
-10
Let r(f) be the first derivative of f**4/12 - 7*f**3/6 + 5*f**2/2 - 28*f + 8. Let k(s) be the first derivative of r(s). Give k(7).
5
Let s = 0 - -2. Let x be (0*2/8)/3. Let t(j) = -j**3 + 2*j**s + x*j**2 - j**2. Give t(2).
-4
Let h(c) = 29*c - 5. Let k(n) = 25*n - 6. Let q(x) = -6*h(x) + 7*k(x). Determine q(5).
-7
Let q(g) = 3724 - 3707 + 12*g + 10*g - 7*g + g**2. Determine q(-13).
-9
Let n(k) = -k**3 + 23*k**2 - 21*k - 23. Suppose 0 = 105*w - 102*w - 66. Give n(w).
-1
Let g(s) be the third derivative of 0 + 73*s**2 + 1/24*s**4 + 1/6*s**3 + 0*s - 1/20*s**5 + 1/60*s**6. Let z(d) = d**2 + 5*d + 6. Let h be z(-4). Give g(h).
7
Suppose -1 = h + 5. Let l(u) = 3*u**3 + 7*u**2 - 10*u + 1. Let f(o) = 10*o**3 + 22*o**2 - 31*o + 2. Let t(x) = 2*f(x) - 7*l(x). Give t(h).
-15
Let f(l) = -2*l**2 + l + 3. Suppose -5*q + 17 = -2*a + 3*a, -5*q - 3*a + 21 = 0. What is f(q)?
-12
Suppose 31*h = 43*h - 84. Let r(p) = p**3 - 6*p**2 - 9*p + 5. What is r(h)?
-9
Let r(t) be the second derivative of t**8/6720 - t**7/2520 - t**5/120 + 7*t**4/6 - 4*t + 8. Let b(d) be the third derivative of r(d). Give b(-2).
-13
Let s(f) = f**3 - 60*f - 6*f**2 - 52*f - 2 + 107*f. What is s(7)?
12
Suppose -3*m + 12 = -5*w - 7, 4*w + 28 = 4*m. Let h(r) be the third derivative of 1/60*r**5 + 0 - 1/3*r**4 - r**3 + 0*r + 2*r**2. Calculate h(m).
-6
Let o(u) be the first derivative of -u**2/2 - 14*u - 102. Give o(-12).
-2
Let q(y) = 32 + 1359*y - 681*y - 10 - 676*y. Determine q(-9).
4
Let q(i) be the first derivative of -i**5/30 + i**4/6 - 2*i**3/3 - 2. Let o(y) be the third derivative of q(y). Let p be 6*((-14 - -14) + (-2)/(-4)). Give o(p).
-8
Let x(c) = -c**2 - 2*c. Let g(b) = 6*b + 20. Let n(m) = 5*m + 20. Let u(t) = 4*g(t) - 5*n(t). Let w be u(-16). Calculate x(w).
-8
Suppose 0 = 3*u - 21*u - 72. Suppose -11 = -5*r + 19. Let z be 4/6*r/u. Let p(x) = -13*x + 1. Give p(z).
14
Let n(d) = d**2 + 11*d + 4. Let u be n(-11). Suppose -u*s - 4*a = -2*s + 2, 0 = -4*s + 4*a + 8. Let j(g) = -7*g. Determine j(s).
-7
Suppose -6 + 16 = h. Let n(v) = 2*v - 20. Let c(x) = -x + 10. Let r(i) = 5*c(i) + 2*n(i). Let z be r(h). Let u(o) = -o**3 - 3. Calculate u(z).
-3
Let x = 14 - 9. Let p(r) = r**3 + 4*r**2 - 2*r + 7. Let g be p(-4). Suppose -4*z - x = g. Let o(k) = -k**3 - 4*k**2 + 6*k - 6. What is o(z)?
-11
Let r(k) = -k + 1. Let w(v) = 9*v - 11. Let j(p) = 5*r(p) + w(p). Calculate j(5).
14
Let o = -34 - -37. Suppose -4*h - 6 = 5*n + 1, 5*h - 19 = o*n. Let y(b) = -2*b + 3. Give y(n).
9
Let w(q) = -3*q**2 + q + 1. Suppose 5*h - 4*n = -9 + 31, h - 17 = 5*n. Suppose -2*d + 3*x = 3*d + h, -x = -4. Calculate w(d).
-9
Let h(l) = -l - 11. Let u = 64 + -64. Give h(u).
-11
Let n(y) be the second derivative of y**3/2 - 3*y**2/2 + 2*y - 77. Give n(4).
9
Let u(i) be the first derivative of 0*i**3 - 3/2*i**4 - 1 - i + 0*i**2. Let f = 3392 + -3393. What is u(f)?
5
Let v(t) = 8*t**3 - 2*t**2 - 2*t - 1. Let u(y) = -2*y**3 + 11*y**2 - 4*y - 6. Let j = 68 - 63. Let c be u(j). What is v(c)?
-9
Let y(d) = -d**2 - 56*d + 375. Let b be y(6). Let t(q) = q - 1. Let k(v) = 12*v - 10. Let j(n) = k(n) - 6*t(n). Calculate j(b).
14
Let b(h) = 4*h - 12 - 5*h + 2*h. Let f = -62 + 80. Suppose 9*k = 6*k + f. Give b(k).
-6
Let o(k) = -k - 1. Let u be o(-7). Let r(c) = u*c**2 + 2*c**3 - 5*c + 4 + 0*c**3 - 2*c**2 - c**3. Suppose -4*w = -16, -17*n = -14*n - 2*w + 23. Determine r(n).
4
Let i(c) = c**2 + 21*c - 229. Let g be i(8). Let w(o) = o**3 - 2*o**2 + 1. Give w(g).
10
Let l(z) = -z**3 - 6*z**2 - 8*z - 9. Let y be l(-5). Let j = y + 0. Let x(f) = f**2 - 4*f - 6. What is x(j)?
6
Let f(y) = -12*y + 15. Let g(i) = 19*i - 23. Let z(t) = -8*f(t) - 5*g(t). Give z(-8).
-13
Let k = 87 - 77. Let v(n) = -17*n**3 - 1 + k*n**3 + 2*n**3 + 6*n**3 - 7*n**2 + 7*n. Determine v(6).
5
Let m(f) = 3*f**2 - 3*f + 1. Let b = 27 + -35. Let u be (-1 - (-1 + 2)) + 12. Let n = b + u. Calculate m(n).
7
Let u(y) be the first derivative of -y**2 + 3*y - 9. Calculate u(11).
-19
Let x be (14/10)/((2/2)/5). Let b(i) = 31*i + x*i**2 - 11*i - 15*i + i**3 - i**2. What is b(-5)?
0
Let v(m) = 8*m + m**2 - 5*m - 15*m + 16 - 31. Determine v(13).
-2
Suppose 0 = -3*l - 0*l + 6. Let x(z) = -28 + l*z + 32 - 3*z. Let s be 4/14 + 2/(-7). Determine x(s).
4
Let m(d) be the first derivative of d**3/3 - d**2/2 - 5. What is m(-2)?
6
Let j(q) = -q**3 + 48*q**2 - 214*q - 37. Let n be j(43). Let b(c) = -c**3 + 6*c**2 - 4. Calculate b(n).
-4
Let u(m) = -8*m + 5. Let a be u(1). Let b(k) = -k**3 + k**2 + 4*k + 1. Determine b(a).
25
Let r be 20/6*(-9)/(-6). Let p(z) = 8*z**2 - 13*z**2 - 2 - 2*z**2 - z**2 + 9*z**2 - 6*z. What is p(r)?
-7
Let x be 1/(-9) + (-3905)/(-639). Let r(u) = 3*u**3 + 7*u**2 - 13*u - 5. Let m(s) = 4*s**3 + 11*s**2 - 19*s - 7. Let q(z) = 5*m(z) - 7*r(z). Determine q(x).
-24
Let m(s) = 2*s - 4. Let i(k) = -4*k - 9. Let g be i(-3). Suppose r - 6 = -x + 3, -5*r - g*x = -39. What is m(r)?
8
Suppose 68 = -9*o + 23. Let x be (16/(-2) - -2) + o. Let l(p) = -p - 13. Calculate l(x).
-2
Suppose -18 = -0*o + 3*o + 3*t, 5*o - 4*t - 6 = 0. Let v(l) = 5*l**2 + l + 1. Give v(o).
19
Let k be 2/4 - ((-165)/(-6))/(-11). Let b(l) = l + k*l - 5*l - 1. What is b(-4)?
3
Let t(j) = -7*j**2 + 2*j + 2. Let o(k) = 6*k**2 - 3*k - 2. Let r(s) = -6*o(s) - 5*t(s). What is r(7)?
9
Suppose 0 = y + 2 - 5. Let m(j) = 5*j + j - y*j + 4 - 2*j. Give m(3).
7
Let k(z) = z**3 + 3*z**2 - z + 1. Let b(t) = -2*t**3 - 14*t**2 + 9*t - 2. Let d(q) = b(q) + 3*k(q). What is d(5)?
31
Let a(m) be the first derivative of 1/2*m**2 + 3/4*m**4 + m + 26 + 1/3*m**3. Determine a(-1).
-2
Let o(h) = -9*h**3 + h**2 - 16*h + 11. Let s(u) = -4*u + 3. Let b(v) = -o(v) + 4*s(v). Let x be (-2)/(-5) - 3/(-5). Give b(x).
9
Suppose -5 = -3*t + 13. Let h(y) = -y + 3. Determine h(t).
-3
Let h be 7/((-14)/(-40)) + 3 + 3. Suppose -5*b + h = j, 6*j - 4*j + 4*b = 22. Let s(y) = 4*y + 1. Calculate s(j).
5
Let g(h) = 2*h**3 - 21*h**2 + 12*h - 25. Let i be g(10). Let q(y) = -2*y - 2. Determine q(i).
8
Let y(r) be the third derivative of -r**4/8 - r**3/2 + r**2. Let b(u) = 10 + 4*u + 0 - 6. Let v(j) = -5*b(j) - 6*y(j). Calculate v(3).
-8
Suppose -2*t = 3*x + 2*x + 91, 0 = -5*t - 15. Let m be (-42)/8*(1 + 3). Let b = m - x. Let l(i) = -i**3 - 5*i**2 - 7*i - 6. What is l(b)?
6
Suppose 11*s + 4 = 15*s. Let h(l) = s + 118*l - 232*l + 117*l. Give h(-8).
-23
Suppose -9 = -0*s + s + 2*w, -w - 9 = 2*s. Suppose -3*r - 31 = 2*z, 10*r = 5*r + 5*z - 10. Let o be 2 + (-1 - (r - s)). Let b(a) = -2*a**2 + 8*a - 3. Give b(o).
-13
Let r(u) be the second derivative of -3*u**5/20 + u**4/6 - u**2 + 106*u. Let l be 1/(4/14*14/8). Determine r(l).
-18
Let f(c) = -c**3 - 7*c**2 + 5*c + 12. Let g be f(-8). Suppose g*a + 20 = 31*a. Let l(x) = -x**3 - 4*x**2 - x + 3. Determine l(a).
7
Let t(m) = -m**3 - 9*m**2 + 72*m + 26. Let n be t(-14). Let r(s) = 9*s**2 - 2*s - 1. Determine r(n).
39
Let z(r) = -7*r - 33. Let p be (-3 - 12)/((-25)/(-10)). Determine z(p).
9
Suppose 10*z - 8*z = -2*d - 14, -3*d - 15 = 2*z. Let o(w) = 2*w + 2. Determine o(z).
-10
Let s(l) = l**2 + l + 9. Let i be (-14)/(-28)*(-2 + 2). What is s(i)?
9
Suppose -q + 5*q - l - 4 = 0, -l - 2 = -3*q. Let u(k) = 0*k**3 - 3*k**2 + 6 + 7*k - q*k - 4 - k**3. Calculate u(-4).
-2
Let p(z) = -113*z**2 - 13*z + 3. Let v(b) = 37*b**2 + 5*b - 1. Let c(r) = 3*p(r) + 8*v(r). What is c(-1)?
-43
Let r(c) be the second derivative of -c**4/12 + 3*c**3/2 - 4*c**2 + 3*c + 28. What is r(4)?
12
Suppose 24 = 26*r + 414. Let g(v) = v**2 + 13*v - 21. Give g(r).
9
Suppose 2*a = 6*z - 8, 4*a + 183 = z + 167. Let n(g) = -g**2 - 3*g - 13. Let c(y) = y. Let w(l) = 3*c(l) + n(l). Calculate w(z).
-13
Let m be (-2)/3 - 96/(-9). Let c(f) = f**3 - 10*f**2 + f - 5. Determine c(m).
5
Let j(c) = 3*c**2 + 4*c + 13. Let g(z) = z**2 + z + 3. Let o(d) = 2*g(d) - j(d). Determine o(0).
-7
Let a(h) = h**3 - 2*h**2 - 2*h + 3. Let j be a(3). Let i be ((-4)/(-6))/(4/j). Let d(l) = l - 3. Let m(t) = 3*t - 4. Let n(c) = -4*d(c) + 3*m(c). What is n(i)?
5
Let u(j) be the second derivative of 0 - 1/6*j**3 - 3*j + 5/2*j**2 - 1/12*j**4. Let n be u(0). Let w(p) = p**3 - 6*p**2 